{"id":194,"date":"2016-01-10T19:37:19","date_gmt":"2016-01-10T19:37:19","guid":{"rendered":"http:\/\/lapida.com.br\/sites\/pithan\/?page_id=194"},"modified":"2026-01-31T18:25:05","modified_gmt":"2026-01-31T18:25:05","slug":"presidentes","status":"publish","type":"page","link":"https:\/\/abrigoespiritaoscarpithan.com.br\/?page_id=194","title":{"rendered":"PRESIDENTES"},"content":{"rendered":"<h3>Rela\u00e7\u00e3o de presidentes do Abrigo<\/h3>\n<table>\n<tbody>\n<tr style=\"background-color: #8b9fcc; border-color: #1135c2;\">\n<td style=\"text-align: center;\"><strong><span style=\"color: #ffffff;\">Per\u00edodo<\/span><\/strong><\/td>\n<td style=\"text-align: center;\"><strong><span style=\"color: #ffffff;\">Presidente<\/span><\/strong><\/td>\n<\/tr>\n<tr style=\"background-color: #ffffff;\">\n<td style=\"text-align: center;\">1949 &#8211; 1966<\/td>\n<td style=\"text-align: center;\">Benjamin Carvalho Coelho<\/td>\n<\/tr>\n<tr>\n<td style=\"text-align: center;\">1967 &#8211; 1968<\/td>\n<td style=\"text-align: center;\">Juarez Weiss e Dehomero Coelho (*)<\/td>\n<\/tr>\n<tr style=\"background-color: #ffffff;\">\n<td style=\"text-align: center;\">1969 &#8211; 1971<\/td>\n<td style=\"text-align: center;\">Jo\u00e3o Rodrigues Dias<\/td>\n<\/tr>\n<tr>\n<td style=\"text-align: center;\">1972 &#8211; 1975<\/td>\n<td style=\"text-align: center;\">Osvaldo Nascimento da Silva<\/td>\n<\/tr>\n<tr style=\"background-color: #ffffff;\">\n<td style=\"text-align: center;\">1976 &#8211; 1977<\/td>\n<td style=\"text-align: center;\">Teltz Cardoso Farias<\/td>\n<\/tr>\n<tr>\n<td style=\"text-align: center;\">1978 &#8211; 1979<\/td>\n<td style=\"text-align: center;\">Jo\u00e3o Rodrigues Dias<\/td>\n<\/tr>\n<tr style=\"background-color: #ffffff;\">\n<td style=\"text-align: center;\">1980 &#8211; 1981<\/td>\n<td style=\"text-align: center;\">C\u00e2ndido Ad\u00e3o Colom\u00e9<\/td>\n<\/tr>\n<tr>\n<td style=\"text-align: center;\">1982 &#8211; 1985<\/td>\n<td style=\"text-align: center;\">Teltz Cardoso Farias<\/td>\n<\/tr>\n<tr style=\"background-color: #ffffff;\">\n<td style=\"text-align: center;\">1986 &#8211; 1989<\/td>\n<td style=\"text-align: center;\">Loreno Cruz<\/td>\n<\/tr>\n<tr>\n<td style=\"text-align: center;\">1990 &#8211; 1993<\/td>\n<td style=\"text-align: center;\">Teltz Cardoso Farias<\/td>\n<\/tr>\n<tr style=\"background-color: #ffffff;\">\n<td style=\"text-align: center;\">1994 &#8211; 1997<\/td>\n<td style=\"text-align: center;\">Loreno Cruz<\/td>\n<\/tr>\n<tr>\n<td style=\"text-align: center;\">1998 &#8211; 1999<\/td>\n<td style=\"text-align: center;\">C\u00e2ndido Ad\u00e3o Colom\u00e9<\/td>\n<\/tr>\n<tr style=\"background-color: #ffffff;\">\n<td style=\"text-align: center;\">2000 &#8211; 2003<\/td>\n<td style=\"text-align: center;\">Teltz Cardoso Farias<\/td>\n<\/tr>\n<tr>\n<td style=\"text-align: center;\">2004 &#8211; 2007<\/td>\n<td style=\"text-align: center;\">Jo\u00e3o Rodrigues Dias<\/td>\n<\/tr>\n<tr style=\"background-color: #ffffff;\">\n<td style=\"text-align: center;\">2008 &#8211; 2011<\/td>\n<td style=\"text-align: center;\">Teltz Cardoso Farias<\/td>\n<\/tr>\n<tr>\n<td style=\"text-align: center;\">2012 &#8211; 2015<\/td>\n<td style=\"text-align: center;\">J\u00falio Nelson Rodrigues Dias<\/td>\n<\/tr>\n<tr style=\"background-color: #ffffff;\">\n<td style=\"text-align: center;\">2016 &#8211; 2019<\/td>\n<td style=\"text-align: center;\">Tarc\u00edsio Meira Zambra<\/td>\n<\/tr>\n<tr>\n<td style=\"text-align: center;\">2020 &#8211; 2023<\/td>\n<td style=\"text-align: center;\">Ant\u00f4nio Adalberto Brum Siqueira<\/td>\n<\/tr>\n<tr>\n<td style=\"text-align: center;\">2024 &#8211; 2027<\/td>\n<td style=\"text-align: center;\">Tarc\u00edsio Meira Zambra<\/td>\n<\/tr>\n<\/tbody>\n<\/table>\n<p>(*) Um ano de mandato cada um<\/p>\n<p>&nbsp;<\/p>\n<h3>Primeira Diretoria do Abrigo<\/h3>\n<p style=\"padding-left: 30px;\"><strong>Presidente<\/strong>: Benjamin Carvalho Coelho<\/p>\n<p style=\"padding-left: 30px;\"><strong>Vice-Presidente<\/strong>: Dehomero Coelho<\/p>\n<p style=\"padding-left: 30px;\"><strong>Secret\u00e1rio<\/strong>: Waldemar de Souza Oliveira<\/p>\n<p style=\"padding-left: 30px;\"><strong>Tesoureiro<\/strong>: Benjamin Quinto Marafiga<\/p>\n","protected":false},"excerpt":{"rendered":"<p>Rela\u00e7\u00e3o de presidentes do Abrigo Per\u00edodo Presidente 1949 &#8211; 1966 Benjamin Carvalho Coelho 1967 &#8211; 1968 Juarez Weiss e Dehomero Coelho (*) 1969 &#8211; 1971 Jo\u00e3o Rodrigues Dias 1972 &#8211; 1975 Osvaldo Nascimento da Silva 1976 &#8211; 1977 Teltz Cardoso<\/p>\n","protected":false},"author":1,"featured_media":0,"parent":22,"menu_order":0,"comment_status":"closed","ping_status":"closed","template":"","meta":{"footnotes":""},"class_list":["post-194","page","type-page","status-publish","hentry"],"yoast_head":"<!-- This site is optimized with the Yoast SEO plugin v27.5 - https:\/\/yoast.com\/product\/yoast-seo-wordpress\/ -->\n<title>PRESIDENTES - Abrigo Esp\u00edrita Oscar Jos\u00e9 Pithan<\/title>\n<meta name=\"description\" content=\"O Abrigo Esp\u00edrita Oscar Jos\u00e9 Pithan \u00e9 um centro esp\u00edrita e um asilo de idosos, localizado em Santa Maria, Rio Grande do Sul. Est\u00e1 em atividade desde 1949. Como sociedade esp\u00edrita, oferece palestras, passes, atendimento fraterno, evangeliza\u00e7\u00e3o infanto-juvenil e grupos de estudos da doutrina esp\u00edrita, codificada por Allan Kardec.\" \/>\n<meta name=\"robots\" content=\"index, follow, max-snippet:-1, max-image-preview:large, max-video-preview:-1\" \/>\n<link rel=\"canonical\" href=\"https:\/\/abrigoespiritaoscarpithan.com.br\/?page_id=194\" \/>\n<meta property=\"og:locale\" content=\"pt_BR\" \/>\n<meta property=\"og:type\" content=\"article\" \/>\n<meta property=\"og:title\" content=\"PRESIDENTES - Abrigo Esp\u00edrita Oscar Jos\u00e9 Pithan\" \/>\n<meta property=\"og:description\" content=\"O Abrigo Esp\u00edrita Oscar Jos\u00e9 Pithan \u00e9 um centro esp\u00edrita e um asilo de idosos, localizado em Santa Maria, Rio Grande do Sul. Est\u00e1 em atividade desde 1949. Como sociedade esp\u00edrita, oferece palestras, passes, atendimento fraterno, evangeliza\u00e7\u00e3o infanto-juvenil e grupos de estudos da doutrina esp\u00edrita, codificada por Allan Kardec.\" \/>\n<meta property=\"og:url\" content=\"https:\/\/abrigoespiritaoscarpithan.com.br\/?page_id=194\" \/>\n<meta property=\"og:site_name\" content=\"Abrigo Esp\u00edrita Oscar Jos\u00e9 Pithan\" \/>\n<meta property=\"article:publisher\" content=\"https:\/\/www.facebook.com\/abrigopithan\/\" \/>\n<meta property=\"article:modified_time\" content=\"2026-01-31T18:25:05+00:00\" \/>\n<meta name=\"twitter:card\" content=\"summary_large_image\" \/>\n<meta name=\"twitter:label1\" content=\"Est. tempo de leitura\" \/>\n\t<meta name=\"twitter:data1\" content=\"1 minuto\" \/>\n<script type=\"application\/ld+json\" class=\"yoast-schema-graph\">{\"@context\":\"https:\\\/\\\/schema.org\",\"@graph\":[{\"@type\":\"WebPage\",\"@id\":\"https:\\\/\\\/abrigoespiritaoscarpithan.com.br\\\/?page_id=194\",\"url\":\"https:\\\/\\\/abrigoespiritaoscarpithan.com.br\\\/?page_id=194\",\"name\":\"PRESIDENTES - Abrigo Esp\u00edrita Oscar Jos\u00e9 Pithan\",\"isPartOf\":{\"@id\":\"https:\\\/\\\/abrigoespiritaoscarpithan.com.br\\\/#website\"},\"datePublished\":\"2016-01-10T19:37:19+00:00\",\"dateModified\":\"2026-01-31T18:25:05+00:00\",\"description\":\"O Abrigo Esp\u00edrita Oscar Jos\u00e9 Pithan \u00e9 um centro esp\u00edrita e um asilo de idosos, localizado em Santa Maria, Rio Grande do Sul. Est\u00e1 em atividade desde 1949. Como sociedade esp\u00edrita, oferece palestras, passes, atendimento fraterno, evangeliza\u00e7\u00e3o infanto-juvenil e grupos de estudos da doutrina esp\u00edrita, codificada por Allan Kardec.\",\"breadcrumb\":{\"@id\":\"https:\\\/\\\/abrigoespiritaoscarpithan.com.br\\\/?page_id=194#breadcrumb\"},\"inLanguage\":\"pt-BR\",\"potentialAction\":[{\"@type\":\"ReadAction\",\"target\":[\"https:\\\/\\\/abrigoespiritaoscarpithan.com.br\\\/?page_id=194\"]}]},{\"@type\":\"BreadcrumbList\",\"@id\":\"https:\\\/\\\/abrigoespiritaoscarpithan.com.br\\\/?page_id=194#breadcrumb\",\"itemListElement\":[{\"@type\":\"ListItem\",\"position\":1,\"name\":\"In\u00edcio\",\"item\":\"https:\\\/\\\/abrigoespiritaoscarpithan.com.br\\\/\"},{\"@type\":\"ListItem\",\"position\":2,\"name\":\"O ABRIGO\",\"item\":\"https:\\\/\\\/abrigoespiritaoscarpithan.com.br\\\/?page_id=22\"},{\"@type\":\"ListItem\",\"position\":3,\"name\":\"PRESIDENTES\"}]},{\"@type\":\"WebSite\",\"@id\":\"https:\\\/\\\/abrigoespiritaoscarpithan.com.br\\\/#website\",\"url\":\"https:\\\/\\\/abrigoespiritaoscarpithan.com.br\\\/\",\"name\":\"Abrigo Esp\u00edrita Oscar Jos\u00e9 Pithan\",\"description\":\"\",\"publisher\":{\"@id\":\"https:\\\/\\\/abrigoespiritaoscarpithan.com.br\\\/#organization\"},\"potentialAction\":[{\"@type\":\"SearchAction\",\"target\":{\"@type\":\"EntryPoint\",\"urlTemplate\":\"https:\\\/\\\/abrigoespiritaoscarpithan.com.br\\\/?s={search_term_string}\"},\"query-input\":{\"@type\":\"PropertyValueSpecification\",\"valueRequired\":true,\"valueName\":\"search_term_string\"}}],\"inLanguage\":\"pt-BR\"},{\"@type\":\"Organization\",\"@id\":\"https:\\\/\\\/abrigoespiritaoscarpithan.com.br\\\/#organization\",\"name\":\"Abrigo Esp\u00edrita Oscar Jos\u00e9 Pithan\",\"url\":\"https:\\\/\\\/abrigoespiritaoscarpithan.com.br\\\/\",\"logo\":{\"@type\":\"ImageObject\",\"inLanguage\":\"pt-BR\",\"@id\":\"https:\\\/\\\/abrigoespiritaoscarpithan.com.br\\\/#\\\/schema\\\/logo\\\/image\\\/\",\"url\":\"http:\\\/\\\/abrigoespiritaoscarpithan.com.br\\\/wp-content\\\/uploads\\\/2019\\\/09\\\/logo-abrigo.png\",\"contentUrl\":\"http:\\\/\\\/abrigoespiritaoscarpithan.com.br\\\/wp-content\\\/uploads\\\/2019\\\/09\\\/logo-abrigo.png\",\"width\":2915,\"height\":1812,\"caption\":\"Abrigo Esp\u00edrita Oscar Jos\u00e9 Pithan\"},\"image\":{\"@id\":\"https:\\\/\\\/abrigoespiritaoscarpithan.com.br\\\/#\\\/schema\\\/logo\\\/image\\\/\"},\"sameAs\":[\"https:\\\/\\\/www.facebook.com\\\/abrigopithan\\\/\",\"https:\\\/\\\/www.instagram.com\\\/oscarpithan\\\/\",\"https:\\\/\\\/www.youtube.com\\\/abrigoespiritaoscarjosepithansantamaria\"]}]}<\/script>\n<!-- \/ Yoast SEO plugin. -->","yoast_head_json":{"title":"PRESIDENTES - Abrigo Esp\u00edrita Oscar Jos\u00e9 Pithan","description":"O Abrigo Esp\u00edrita Oscar Jos\u00e9 Pithan \u00e9 um centro esp\u00edrita e um asilo de idosos, localizado em Santa Maria, Rio Grande do Sul. Est\u00e1 em atividade desde 1949. Como sociedade esp\u00edrita, oferece palestras, passes, atendimento fraterno, evangeliza\u00e7\u00e3o infanto-juvenil e grupos de estudos da doutrina esp\u00edrita, codificada por Allan Kardec.","robots":{"index":"index","follow":"follow","max-snippet":"max-snippet:-1","max-image-preview":"max-image-preview:large","max-video-preview":"max-video-preview:-1"},"canonical":"https:\/\/abrigoespiritaoscarpithan.com.br\/?page_id=194","og_locale":"pt_BR","og_type":"article","og_title":"PRESIDENTES - Abrigo Esp\u00edrita Oscar Jos\u00e9 Pithan","og_description":"O Abrigo Esp\u00edrita Oscar Jos\u00e9 Pithan \u00e9 um centro esp\u00edrita e um asilo de idosos, localizado em Santa Maria, Rio Grande do Sul. Est\u00e1 em atividade desde 1949. Como sociedade esp\u00edrita, oferece palestras, passes, atendimento fraterno, evangeliza\u00e7\u00e3o infanto-juvenil e grupos de estudos da doutrina esp\u00edrita, codificada por Allan Kardec.","og_url":"https:\/\/abrigoespiritaoscarpithan.com.br\/?page_id=194","og_site_name":"Abrigo Esp\u00edrita Oscar Jos\u00e9 Pithan","article_publisher":"https:\/\/www.facebook.com\/abrigopithan\/","article_modified_time":"2026-01-31T18:25:05+00:00","twitter_card":"summary_large_image","twitter_misc":{"Est. tempo de leitura":"1 minuto"},"schema":{"@context":"https:\/\/schema.org","@graph":[{"@type":"WebPage","@id":"https:\/\/abrigoespiritaoscarpithan.com.br\/?page_id=194","url":"https:\/\/abrigoespiritaoscarpithan.com.br\/?page_id=194","name":"PRESIDENTES - Abrigo Esp\u00edrita Oscar Jos\u00e9 Pithan","isPartOf":{"@id":"https:\/\/abrigoespiritaoscarpithan.com.br\/#website"},"datePublished":"2016-01-10T19:37:19+00:00","dateModified":"2026-01-31T18:25:05+00:00","description":"O Abrigo Esp\u00edrita Oscar Jos\u00e9 Pithan \u00e9 um centro esp\u00edrita e um asilo de idosos, localizado em Santa Maria, Rio Grande do Sul. Est\u00e1 em atividade desde 1949. Como sociedade esp\u00edrita, oferece palestras, passes, atendimento fraterno, evangeliza\u00e7\u00e3o infanto-juvenil e grupos de estudos da doutrina esp\u00edrita, codificada por Allan Kardec.","breadcrumb":{"@id":"https:\/\/abrigoespiritaoscarpithan.com.br\/?page_id=194#breadcrumb"},"inLanguage":"pt-BR","potentialAction":[{"@type":"ReadAction","target":["https:\/\/abrigoespiritaoscarpithan.com.br\/?page_id=194"]}]},{"@type":"BreadcrumbList","@id":"https:\/\/abrigoespiritaoscarpithan.com.br\/?page_id=194#breadcrumb","itemListElement":[{"@type":"ListItem","position":1,"name":"In\u00edcio","item":"https:\/\/abrigoespiritaoscarpithan.com.br\/"},{"@type":"ListItem","position":2,"name":"O ABRIGO","item":"https:\/\/abrigoespiritaoscarpithan.com.br\/?page_id=22"},{"@type":"ListItem","position":3,"name":"PRESIDENTES"}]},{"@type":"WebSite","@id":"https:\/\/abrigoespiritaoscarpithan.com.br\/#website","url":"https:\/\/abrigoespiritaoscarpithan.com.br\/","name":"Abrigo Esp\u00edrita Oscar Jos\u00e9 Pithan","description":"","publisher":{"@id":"https:\/\/abrigoespiritaoscarpithan.com.br\/#organization"},"potentialAction":[{"@type":"SearchAction","target":{"@type":"EntryPoint","urlTemplate":"https:\/\/abrigoespiritaoscarpithan.com.br\/?s={search_term_string}"},"query-input":{"@type":"PropertyValueSpecification","valueRequired":true,"valueName":"search_term_string"}}],"inLanguage":"pt-BR"},{"@type":"Organization","@id":"https:\/\/abrigoespiritaoscarpithan.com.br\/#organization","name":"Abrigo Esp\u00edrita Oscar Jos\u00e9 Pithan","url":"https:\/\/abrigoespiritaoscarpithan.com.br\/","logo":{"@type":"ImageObject","inLanguage":"pt-BR","@id":"https:\/\/abrigoespiritaoscarpithan.com.br\/#\/schema\/logo\/image\/","url":"http:\/\/abrigoespiritaoscarpithan.com.br\/wp-content\/uploads\/2019\/09\/logo-abrigo.png","contentUrl":"http:\/\/abrigoespiritaoscarpithan.com.br\/wp-content\/uploads\/2019\/09\/logo-abrigo.png","width":2915,"height":1812,"caption":"Abrigo Esp\u00edrita Oscar Jos\u00e9 Pithan"},"image":{"@id":"https:\/\/abrigoespiritaoscarpithan.com.br\/#\/schema\/logo\/image\/"},"sameAs":["https:\/\/www.facebook.com\/abrigopithan\/","https:\/\/www.instagram.com\/oscarpithan\/","https:\/\/www.youtube.com\/abrigoespiritaoscarjosepithansantamaria"]}]}},"_links":{"self":[{"href":"https:\/\/abrigoespiritaoscarpithan.com.br\/index.php?rest_route=\/wp\/v2\/pages\/194","targetHints":{"allow":["GET"]}}],"collection":[{"href":"https:\/\/abrigoespiritaoscarpithan.com.br\/index.php?rest_route=\/wp\/v2\/pages"}],"about":[{"href":"https:\/\/abrigoespiritaoscarpithan.com.br\/index.php?rest_route=\/wp\/v2\/types\/page"}],"author":[{"embeddable":true,"href":"https:\/\/abrigoespiritaoscarpithan.com.br\/index.php?rest_route=\/wp\/v2\/users\/1"}],"replies":[{"embeddable":true,"href":"https:\/\/abrigoespiritaoscarpithan.com.br\/index.php?rest_route=%2Fwp%2Fv2%2Fcomments&post=194"}],"version-history":[{"count":7,"href":"https:\/\/abrigoespiritaoscarpithan.com.br\/index.php?rest_route=\/wp\/v2\/pages\/194\/revisions"}],"predecessor-version":[{"id":4799,"href":"https:\/\/abrigoespiritaoscarpithan.com.br\/index.php?rest_route=\/wp\/v2\/pages\/194\/revisions\/4799"}],"up":[{"embeddable":true,"href":"https:\/\/abrigoespiritaoscarpithan.com.br\/index.php?rest_route=\/wp\/v2\/pages\/22"}],"wp:attachment":[{"href":"https:\/\/abrigoespiritaoscarpithan.com.br\/index.php?rest_route=%2Fwp%2Fv2%2Fmedia&parent=194"}],"curies":[{"name":"wp","href":"https:\/\/api.w.org\/{rel}","templated":true}]}}